 = -8*w + 82. Determine v(7).
26
Let t(d) = 9*d + 79. Give t(-6).
25
Let o(t) = -6*t - 107. What is o(-20)?
13
Let z(m) = -3*m + 8. Calculate z(-5).
23
Let j(b) = -2*b**2 + 30*b + 14. Give j(17).
-54
Let n(u) = -u**3 - 7*u**2 - 8*u + 2. Calculate n(-4).
-14
Let j(n) = -3*n + 38. Calculate j(-15).
83
Let l(d) = -46*d - 4. Determine l(-2).
88
Let y(o) = o**3 + 5*o**2 + 5*o + 4. What is y(-5)?
-21
Let l(v) = -v**3 - 2*v - 18. Give l(0).
-18
Let r(k) = -k**2 - 10*k - 20. What is r(-4)?
4
Let p(a) = a**2 + 14*a + 21. Calculate p(-9).
-24
Let a(m) = -m**2 - 17*m - 71. What is a(-7)?
-1
Let v(r) = r**3 + 12*r**2 + 23*r + 22. Give v(-10).
-8
Let z(k) = -2*k + 25. Calculate z(16).
-7
Let n(o) = -2*o + 10. What is n(5)?
0
Let t(v) = -v**3 - 16*v**2 + 21*v - 11. What is t(-17)?
-79
Let r(a) = 2*a - 8. What is r(8)?
8
Let w(b) = 3*b**2 - 40*b + 79. Give w(2).
11
Let g(b) = -b. Calculate g(13).
-13
Let m(f) = -f**3 + 3*f**2 + 9*f + 7. Give m(5).
2
Let n(q) = 8*q - 11. What is n(8)?
53
Let m(w) = -w + 1. Calculate m(-4).
5
Let j(m) = 2*m**3 + 13*m**2 - 17*m - 21. Calculate j(-7).
49
Let o(w) = -w**2 - 4*w - 6. Give o(-6).
-18
Let y(n) = n - 13. Determine y(8).
-5
Let p(g) = -g**3 + 5*g**2 - 2*g + 6. Determine p(4).
14
Let p(j) = j**2 - 23. What is p(0)?
-23
Let d(m) = m**3 - 8*m**2 + 15*m - 2. What is d(6)?
16
Let t(c) = -2*c**2 - 22*c - 36. Give t(-8).
12
Let h(n) = -n**3 + 2*n**2 - n - 6. Give h(0).
-6
Let h(f) = f**2 + 11*f - 1. Give h(-16).
79
Let g(y) = y - 10. Determine g(9).
-1
Let b(i) = -40*i - 2. Determine b(6).
-242
Let o(p) = p**3 + 13*p**2 + 30*p - 23. What is o(-10)?
-23
Let v(z) = -106*z**3 - 3*z**2 - 4*z - 1. Calculate v(-1).
106
Let b(l) = 6*l**2 + 33*l - 15. What is b(-6)?
3
Let k(x) = 2*x**3 - 33*x**2 + 19*x - 25. Determine k(16).
23
Let p(g) = -4*g**2 + 15*g + 31. Calculate p(-2).
-15
Let g(j) = -j**2 - 5*j + 212. Calculate g(12).
8
Let g(b) = 2*b**2 - 5*b - 5. Give g(4).
7
Let x(m) = 4*m**3 - m**2 + 2*m - 1. Give x(1).
4
Let l(a) = a - 4. What is l(4)?
0
Let x(o) = -12*o + 457. Give x(38).
1
Let b(j) = 4*j**2 + 7*j + 9. What is b(-4)?
45
Let q(h) = -7*h - 2. Calculate q(-2).
12
Let x(u) = 6*u + 89. Give x(-18).
-19
Let i(a) = -5*a**2 + 2*a + 1. Give i(-2).
-23
Let b(y) = -y**3 + 6*y**2 + 19*y - 18. Determine b(8).
6
Let z(i) = -i**3 + 11*i**2 - 33*i + 14. Calculate z(6).
-4
Let p(i) = -12*i**2 - i. Give p(-1).
-11
Let m(j) = -3*j**3 - 10*j**2 - 9*j - 4. Calculate m(-3).
14
Let j(l) = -4*l**3 + l**2 + 5*l - 3. What is j(2)?
-21
Let g(o) = o**3 + 5*o**2 - o + 6. What is g(-5)?
11
Let d(v) = 2*v**2 - 2*v - 12. Determine d(-6).
72
Let n(j) = j**3 - 11*j**2 + 6*j + 8. What is n(10)?
-32
Let h(j) = 3*j + 36. Calculate h(-14).
-6
Let t(w) = 5*w - 35. Determine t(7).
0
Let t(i) = i**3 - 2*i**2 + 5*i - 2. What is t(0)?
-2
Let j(d) = 2*d**2 + 24*d - 2. Determine j(-12).
-2
Let w(q) = -44*q + 12. What is w(2)?
-76
Let n(w) = w**2 + 12*w - 978. Calculate n(26).
10
Let s(q) = -3*q**2 - 3*q + 3. Give s(-4).
-33
Let w(h) = 2*h**3 - 7*h**2 - h + 2. Give w(4).
14
Let s(w) = -w**2 + 2*w + 22. What is s(5)?
7
Let d(v) = -v**3 + 5*v**2 + 4*v - 4. Calculate d(6).
-16
Let c(b) = -6*b + 29. Determine c(8).
-19
Let r(v) = -v**2 - 31*v - 120. Calculate r(-26).
10
Let g(v) = -2*v - 8. Calculate g(-3).
-2
Let b(i) = i**2 - 9*i - 53. What is b(12)?
-17
Let r(z) = 23*z**3 + 3*z**2 + 3*z + 1. Calculate r(-1).
-22
Let k(c) = c**3 - 8*c**2 - c + 9. What is k(8)?
1
Let q(a) = -10*a - 43. Give q(-6).
17
Let n(a) = -a**3 - 5*a**2 + 9*a + 11. Give n(-5).
-34
Let d(o) = o**2 - 12*o + 41. Give d(5).
6
Let r(g) = -g**3 + g**2 - 3*g + 3. Give r(2).
-7
Let t(p) = -p**3 + 9*p**2 + 3. Determine t(9).
3
Let r(b) = 3*b**3 + 4*b**2 + 2*b. Give r(-2).
-12
Let p(c) = c**3 - 7*c**2 - 5*c - 19. Give p(8).
5
Let i(a) = -a**2 + 8*a - 5. Give i(9).
-14
Let m(f) = -f**2 + 17*f - 49. Give m(13).
3
Let u(g) = -g**3 + 15*g**2 - 27*g + 406. Calculate u(15).
1
Let z(t) = t**3 + 5*t**2 + 12*t + 54. Determine z(-5).
-6
Let r(i) = 18*i + 1. Calculate r(-2).
-35
Let m(k) = k**3 - 2*k**2 - 4*k + 5. What is m(2)?
-3
Let h(p) = -98*p - 92. Determine h(-1).
6
Let n(d) = -d**3 - 3*d**2 + 4*d - 3. Give n(-4).
-3
Let s(y) = 15*y. Give s(-1).
-15
Let b(l) = -2*l**3 + 14*l**2 + 17*l + 3. Give b(8).
11
Let c(u) = u - 16. Determine c(11).
-5
Let z(o) = -3*o**2 + o + 6. Determine z(4).
-38
Let j(g) = -g**3 + 6*g**2 - 8*g + 3. Determine j(7).
-102
Let v(g) = 14*g - 2. What is v(0)?
-2
Let d(a) = a + 14. Determine d(-11).
3
Let x(w) = w**3 + 16*w**2 + 15*w + 7. Calculate x(-15).
7
Let b(i) = 12*i + 166. Calculate b(-14).
-2
Let i(v) = v**3 + 25*v**2 + 28*v + 37. Determine i(-24).
-59
Let q(z) = -2*z + 19. Give q(-4).
27
Let b(p) = -p**3 + 6*p**2 + 8*p - 1. Determine b(7).
6
Let a(v) = 12*v - 24. Give a(8).
72
Let z(r) = -r - 1. Determine z(1).
-2
Let k(l) = 2*l**3 + 67*l**2 + 33*l - 1. Give k(-33).
-1
Let g(s) = -s**3 - 21*s**2 - 23*s - 61. Calculate g(-20).
-1
Let v(i) = i + 20. Give v(-15).
5
Let f(q) = 2*q**3 + 3*q**2 - 5*q - 10. Calculate f(-2).
-4
Let o(t) = 6*t**2 + 2*t - 5. Give o(4).
99
Let d(b) = b**3 + 7*b**2 + 9*b + 14. What is d(-7)?
-49
Let u(o) = -o**2 - 57*o - 724. Give u(-20).
16
Let g(s) = 47*s + 620. Calculate g(-13).
9
Let z(y) = -y**2 + 8*y - 7. Determine z(7).
0
Let c(j) = j - 4. Give c(-6).
-10
Let m(q) = -2*q - 11. Give m(-17).
23
Let s(k) = -12*k + 80. Calculate s(7).
-4
Let z(d) = 2*d + 17. Determine z(0).
17
Let l(y) = y**3 + 7*y**2 - 5*y - 6. Calculate l(-5).
69
Let k(w) = 2*w + 45. Determine k(-11).
23
Let p(u) = -u**2 + 37*u - 261. Determine p(10).
9
Let h(x) = -2*x**3 - 5*x**2 - 11*x - 14. Calculate h(-2).
4
Let l(s) = -17*s - 20. Give l(-4).
48
Let w(x) = -x**3 + x**2 + 2*x + 2. What is w(-2)?
10
Let m(d) = d + 2. Give m(-2).
0
Let u(q) = q**3 - 13*q**2 - 14*q - 1. Determine u(14).
-1
Let p(y) = 2*y**2 + y + 6. Give p(-5).
51
Let w(n) = -n**3 - n**2 - 7*n + 7. Give w(1).
-2
Let j(n) = -n. Give j(-4).
4
Let y(l) = -8*l**2 + 4*l + 6. Calculate y(-3).
-78
Let j(m) = -5*m + 5. Determine j(7).
-30
Let i(q) = q**3 + 3*q**2 - q - 3. What is i(3)?
48
Let j(r) = -54*r + 4. Determine j(-1).
58
Let f(u) = u + 19. Calculate f(-10).
9
Let g(o) = o**2 - 21*o + 5. Calculate g(9).
-103
Let k(g) = -g**2 + 3*g + 6. Give k(4).
2
Let u(h) = -h**2 + 33*h - 216. Give u(21).
36
Let g(n) = -n**2 - 15*n + 9. Determine g(-15).
9
Let w(g) = g**2 + 71*g + 379. Determine w(-6).
-11
Let m(l) = 111*l**3 - l**2 - 3*l - 1. Determine m(-1).
-110
Let c(s) = -s**3 + 18*s**2 - 17*s + 2. Give c(17).
2
Let j(l) = -l**3 + 11*l**2 + 12*l + 3. What is j(12)?
3
Let p(h) = -4*h**2 - 1. What is p(1)?
-5
Let i(t) = 2*t**3 - 2*t. Calculate i(-2).
-12
Let g(k) = k**3 + 5*k**2 - 3*k - 21. Determine g(-3).
6
Let r(y) = -y**2 - 15*y - 3. Calculate r(-15).
-3
Let s(d) = -d**3 + 3*d**2 + d - 6. What is s(3)?
-3
Let t(v) = 3*v - 2. What is t(1)?
1
Let o(v) = -3*v**2 + 58*v - 67. Calculate o(18).
5
Let z(u) = -17*u - 3. What is z(-1)?
14
Let d(t) = 8*t - 23. Calculate d(6).
25
Let t(l) = l - 10. Calculate t(-6).
-16
Let o(d) = d**2 + 9*d - 83. Determine o(-12).
-47
Let u(v) = v**3 + 5*v**2 + 4*v - 17. Calculate u(-3).
-11
Let p(l) = -l**2 - 4*l + 10. What is p(6)?
-50
Let r(q) = q**2 - 20*q + 66. Calculate r(4).
2
Let h(y) = 6*y - 19. Determine h(-3).
-37
Let c(o) = o**2 - 16. Calculate c(-5).
9
Let r(a) = a**3 - 2*a**2 + 6. Determine r(0).
6
Let y(s) = -8*s**2 - 4*s + 1. Calculate y(2).
-39
Let p(g) = -g**2 - 5*g + 6. Calculate p(-6).
0
Let t(g) = -g**3 + 33*g**2 - 34*g + 59. Determine t(32).
-5
Let q(k) = k**2 + 15*k + 22. Calculate q(-14).
8
Let s(f) = 3*f - 89. Determine s(28).
-5
Let u(r) = -r**3 - r**2 - 71. Calculate u(0).
-71
Let h(a) = 2*a**2 + 7*a + 5. Determine h(-4).
9
Let i(s) = -s**3 + 7*s**2 - 7*s - 3. What is i(5)?
12
Let r(v) = -v**3 + 2*v**2 + 2*v - 2. Calculate r(3).
-5
Let m(c) = -c**3 + 6*c**2 - 5*c - 8. Calculate m(5).
-8
Let m(a) = -a**2 - 4*a - 2. Calculate m(-3).
1
Let g(y) = 6*y + 12. What is g(5)?
42
Let w(x) = 8*x + 6. Determine w(-3).
-18
Let t(d) = -3*d - 2. Calculate t(-13).
37
Let a(n) = -3*n - 3. Calculate a(-3).
6
Let p(o) = 2*o**2 + 7*o + 21. Give p(-6).
51
Let s(t) = t**3 + 4*t**2 - 2*t - 3. Give s(-2).
9
Let k(x) = x - 14. Determine k(-6).
-20
Let o(x) = x**2 + 3*x + 22. Determine o(-10).
92
Le